153*n**2 + 35*n + 56. What is f(13)?
4
Let w(x) = -x**3 - 17*x**2 - 348*x - 5912. Give w(-17).
4
Let z(d) = -33*d - 2333. Give z(-71).
10
Let g(c) = 57*c - 8. Determine g(-3).
-179
Let j(c) = -3*c**3 - 166*c**2 - 54*c + 61. Determine j(-55).
6
Let a(j) = -45*j**2 + 35*j + 14. Calculate a(3).
-286
Let u(j) = -j**3 - 16*j**2 - 67*j - 59. Calculate u(-10).
11
Let n(z) = 141*z - 279. Determine n(2).
3
Let n(g) = -g**2 + 179*g - 698. What is n(4)?
2
Let i(t) = 58*t**2 - 456*t + 374. Give i(7).
24
Let z(o) = o**3 + 5*o**2 + 19*o + 29. Calculate z(-3).
-10
Let o(l) = l**3 - 19*l**2 + 24*l + 171. Give o(17).
1
Let x(j) = -3*j**3 + 6*j**2 - j - 45. Determine x(5).
-275
Let q(b) = -b**3 - 17*b**2 + 268*b + 881. Calculate q(-26).
-3
Let s(u) = u**3 - 11*u**2 + 11*u + 12. Give s(8).
-92
Let m(p) = p**3 + 23*p**2 - 81*p - 135. Determine m(-26).
-57
Let j(l) = 3*l**3 + 89*l**2 + 59*l + 26. Give j(-29).
-3
Let x(g) = -28*g**3 - 112*g**2 + 3*g - 9. What is x(-4)?
-21
Let v(l) = 39*l - 36. Determine v(-3).
-153
Let r(m) = -m**2 - 384*m + 84931. Calculate r(157).
-6
Let b(w) = w**2 + 414*w + 10810. Calculate b(-28).
2
Let q(g) = g**2 - 881*g - 15221. Determine q(-17).
45
Let t(s) = -s**2 - 39*s - 293. Give t(-12).
31
Let g(b) = -2*b**3 - 24*b**2 + 8*b - 6. Determine g(-12).
-102
Let j(a) = -6*a**2 + 42*a + 15. Give j(7).
15
Let y(x) = 3*x**3 - 31*x**2 + 85*x - 13. Determine y(5).
12
Let r(a) = -2*a**3 + 2*a**2 - 1. Determine r(4).
-97
Let q(r) = -r**3 - 112*r**2 - 91*r + 2226. Calculate q(-111).
6
Let f(o) = o**2 - 622*o + 5499. Give f(9).
-18
Let s(g) = g**2 - 36*g - 241. Calculate s(-5).
-36
Let o(v) = v**2 - 14*v - 2. Determine o(18).
70
Let x(w) = -27077*w + 189543. Calculate x(7).
4
Let u(x) = x**2 + 38*x + 178. What is u(-6)?
-14
Let n(m) = m**3 + 123*m**2 + 1524*m - 222. Determine n(-109).
-4
Let p(b) = b**3 - 36*b**2 - 901*b - 10. What is p(-17)?
-10
Let a(h) = -3*h**3 - 14*h**2 + h - 8. Determine a(-6).
130
Let q(a) = -a**3 + 11*a**2 - 26*a + 4. Determine q(8).
-12
Let o(z) = -798*z + 9590. Calculate o(12).
14
Let n(y) = -y**2 + 15082*y - 286200. Calculate n(19).
-3
Let n(k) = -16*k**2 + 431*k - 434. Calculate n(1).
-19
Let r(l) = -l**2 - 18*l + 45. What is r(3)?
-18
Let b(x) = 31*x**2 + 15*x. What is b(0)?
0
Let m(a) = 1096*a + 390183. Calculate m(-356).
7
Let h(k) = -6*k - 46. Give h(-14).
38
Let z(a) = a**3 + 8*a**2 + 5. Calculate z(-9).
-76
Let c(m) = -40*m + 2295. What is c(57)?
15
Let c(z) = z**2 + 339*z - 2443. Give c(7).
-21
Let u(m) = 3*m**2 - 60*m + 62. What is u(19)?
5
Let c(u) = -338*u - 62183. Determine c(-184).
9
Let j(w) = 3*w**2 - 299*w - 2040. Calculate j(-7).
200
Let m(s) = -581*s + 23815. Calculate m(41).
-6
Let m(o) = -o**2 + 20*o - 45. Calculate m(12).
51
Let l(b) = -b**2 + 19*b + 200. Calculate l(27).
-16
Let l(w) = w**3 - 21*w**2 - 123*w + 2256. Determine l(22).
34
Let j(t) = -6*t + 356. Determine j(54).
32
Let w(q) = -23*q + 178. Determine w(10).
-52
Let n(z) = -333*z**2 + 1664*z + 15. Determine n(5).
10
Let d(i) = 1304*i + 11745. Give d(-9).
9
Let z(v) = -v**3 + 19*v**2 - 62*v - 65. Calculate z(14).
47
Let b(t) = 3675*t + 11022. Give b(-3).
-3
Let p(z) = 8*z**2 - 437*z + 434. What is p(1)?
5
Let b(r) = -r**3 + 56*r**2 - 384*r - 7. What is b(8)?
-7
Let p(x) = -x**3 - 14*x**2 - 469*x - 1305. What is p(-3)?
3
Let o(x) = -2*x**3 + 13*x**2 + 13*x - 1. Give o(6).
113
Let k(a) = -20*a**3 + 239*a**2 + 25*a - 178. Calculate k(12).
-22
Let n(l) = 4*l**3 - 189*l**2 - 216*l + 3472. What is n(48)?
16
Let g(i) = 25*i - 271. What is g(10)?
-21
Let d(y) = -8*y - 211. Determine d(-14).
-99
Let x(m) = -728*m - 2882. Give x(-4).
30
Let g(v) = -2*v**3 - 39*v**2 - 23*v - 56. Give g(-19).
20
Let n(i) = -3726*i + 14900. Determine n(4).
-4
Let a(i) = i**3 - 20*i**2 + 108*i - 75. What is a(10)?
5
Let m(y) = -y**3 + 34*y**2 - 9*y + 310. Calculate m(34).
4
Let o(d) = 51*d + 47. Give o(0).
47
Let v(s) = 8*s + 135. Give v(22).
311
Let s(u) = -59*u**2 + 6*u - 10. What is s(2)?
-234
Let i(o) = o**3 + 25*o**2 - 73*o - 25. What is i(3)?
8
Let h(b) = -526*b + 10509. Calculate h(20).
-11
Let i(q) = -142*q - 740. Determine i(-6).
112
Let q(g) = g**2 + 811*g + 8816. Calculate q(-11).
16
Let r(n) = 2*n**2 + 48*n + 244. Calculate r(-6).
28
Let y(n) = 11*n**2 - 192*n - 115. Determine y(18).
-7
Let r(i) = 3*i**2 - 361*i + 420. Determine r(119).
-56
Let j(q) = -4*q**2 + 195*q + 4150. Give j(-16).
6
Let d(v) = 7*v**2 + 145*v + 80. Calculate d(-20).
-20
Let j(d) = -d**3 + 14*d**2 + 5*d + 164. What is j(15)?
14
Let g(z) = -90*z**2 + 632*z - 17. Determine g(7).
-3
Let h(w) = w**3 - 74*w**2 - 399*w + 314. Give h(79).
-2
Let k(d) = 66*d - 119. What is k(2)?
13
Let b(s) = -s**2 + 456*s - 42972. Determine b(133).
-13
Let q(x) = 6*x**2 + x + 179. Give q(0).
179
Let r(v) = -14*v**2 - 11*v + 49. Calculate r(-3).
-44
Let x(h) = -h**3 + 22*h**2 - 92*h - 50. What is x(16)?
14
Let z(j) = -172*j**2 - 699*j - 24. Determine z(-4).
20
Let o(r) = -183*r + 1134. Determine o(7).
-147
Let s(c) = c**3 - 84*c**2 + 919*c + 298. Calculate s(71).
14
Let k(z) = -2*z**2 - 91*z - 181. Determine k(-2).
-7
Let g(i) = 33*i**2 - 314*i - 6. Give g(10).
154
Let m(y) = -y**3 + 13*y**2 + 56*y - 410. Give m(15).
-20
Let v(q) = -q**3 - 40*q**2 + 83*q - 19. Determine v(-42).
23
Let n(m) = 7*m**2 + 34*m - 3. Determine n(-7).
102
Let o(f) = f**2 + 158*f - 120. Determine o(-159).
39
Let h(f) = 26*f + 522. Determine h(0).
522
Let z(p) = -121*p - 727. What is z(-6)?
-1
Let r(m) = -103*m - 1338. What is r(-13)?
1
Let j(l) = 8*l**2 + 8*l + 8. Calculate j(-3).
56
Let a(q) = -23*q - 22. Determine a(-25).
553
Let g(p) = -982*p + 7786. Calculate g(8).
-70
Let x(m) = 5*m**2 - 2*m - 15. What is x(-5)?
120
Let j(x) = 11*x - 253. Calculate j(18).
-55
Let y(s) = -11*s + 1049. What is y(94)?
15
Let p(k) = -2*k**3 + 17*k**2 - 44*k - 23. What is p(7)?
-184
Let x(j) = -5*j**2 - 42*j - 4. Calculate x(-12).
-220
Let p(x) = x**3 + 7*x**2 - 5*x - 27. Give p(-7).
8
Let l(r) = -2*r**2 + 1574*r + 19218. Determine l(-12).
42
Let b(k) = -3*k**2 - 20*k + 231. Determine b(-21).
-672
Let u(j) = j**2 - 138*j + 4765. Give u(65).
20
Let u(q) = q**3 + 8*q**2 - 85*q - 143. What is u(7)?
-3
Let j(s) = 2*s**3 + 7*s**2 - 12. What is j(-5)?
-87
Let l(x) = -9*x**2 + 53*x + 28. What is l(7)?
-42
Let r(x) = -159*x**2 + 791*x + 25. Calculate r(5).
5
Let s(f) = f**2 - 168*f + 3455. What is s(144)?
-1
Let v(d) = 14*d**2 - 8*d - 48. What is v(-4)?
208
Let v(p) = 11*p - 975. Determine v(93).
48
Let a(x) = 3*x**3 + 11*x - 45. Calculate a(5).
385
Let d(h) = h**3 + 45*h**2 + h - 109. Calculate d(-45).
-154
Let a(m) = -53*m + 4602. Give a(85).
97
Let v(w) = -3*w**3 - 20*w**2 + 45*w + 253. Determine v(-5).
-97
Let w(f) = 57*f - 4429. Give w(78).
17
Let s(t) = -77*t + 1756. Give s(23).
-15
Let o(b) = -b**3 + 145*b**2 + 446*b - 337. What is o(148)?
-41
Let l(i) = -15*i - 95. Calculate l(-9).
40
Let x(c) = 37*c + 2033. What is x(-55)?
-2
Let b(w) = 350*w + 1738. Determine b(-5).
-12
Let w(l) = 212*l - 3017. Give w(14).
-49
Let i(x) = 5*x**2 - 47*x - 426. Determine i(15).
-6
Let w(p) = 32*p + 2563. Calculate w(-80).
3
Let o(b) = 42*b**2 + 5*b + 4. Determine o(-1).
41
Let u(v) = -2*v**3 + 294*v**2 + 9*v - 1335. What is u(147)?
-12
Let c(l) = 3*l**3 + 9*l**2 + 93*l + 286. What is c(-3)?
7
Let h(t) = -59*t**2 + 573*t - 11. Calculate h(10).
-181
Let p(i) = 2*i**3 - 10*i**2 + 22*i - 18. Give p(2).
2
Let f(t) = -3*t + 115. Give f(-9).
142
Let w(s) = 2*s + 53. Give w(-27).
-1
Let m(u) = 273*u + 3010. Calculate m(-11).
7
Let x(t) = -10*t + 179. What is x(18)?
-1
Let b(n) = -39*n + 3482. What is b(89)?
11
Let p(c) = -109*c + 8937. Determine p(82).
-1
Let u(s) = 6*s**3 - 3*s**2 + s + 6. Give u(2).
44
Let x(o) = -3*o**2 + 11238*o + 45002. Calculate x(-4).
2
Let b(r) = -3*r**2 + 24*r + 87. Calculate b(7).
108
Let u(z) = -z**3 - 16*z**2 - 40*z - 9. Give u(-13).
4
Let p(t) = -10*t + 443. Give p(82).
-377
Let k(a) = -a + 40. Give k(-4).
44
Let j(d) = d**2 + 296*d - 2060. Give j(7).
61
Let n(b) = -86*b - 2110. Calculate n(-24).
-46
Let z(f) = -7*f - 266. Calculate z(-60).
154
Let d(n) = -18*n - 849. Calculate d(-47).
-3
Let y(f) = f**2 - 110*f + 2035. Calculate y(25).
-90
Let l(r) = -r**2 + 23*r - 27. Calculate l(21).
15
Let q(z) = -9*z**2 + 70*z + 45. Calculate q(8).
29
Let a(